= 4*o + 30. What is the tens digit of k?
2
Let c = -2954 - -4258. What is the hundreds digit of c?
3
Let z(i) = i**2 - 6*i - 7. Let d be z(-5). Suppose -3*q + d = 3*q. Let t(b) = 5*b + 3. What is the units digit of t(q)?
3
Let p = 42 - 30. Let d(v) = 2*v - 5 + p + v. What is the tens digit of d(5)?
2
Let o = -621 + 914. What is the hundreds digit of o?
2
Let f(j) = j**2 + 13*j - 2. Let x be f(-12). What is the units digit of (x/(-42))/((-2)/(-246))?
1
Suppose -2*g = 3*q - 12, -3*q + 16 = q + 3*g. Suppose q*t - 2 = -14, 3*y - 5*t = 24. Suppose -y*x + 105 = 2*x. What is the units digit of x?
1
What is the hundreds digit of 39*24/(-28)*-21?
7
Let g(l) = -l**2 + 7*l. Suppose -2*v + 2*b = 2*v - 110, 0 = -4*v + 5*b + 95. Let r = v - 27. What is the units digit of g(r)?
2
Let j(g) = 43*g + 82. What is the tens digit of j(6)?
4
What is the hundreds digit of (-12)/8*(6078/(-9) + 2)?
0
Suppose a - 5*m - 50 = 0, m + 115 + 63 = 3*a. What is the tens digit of a?
6
Let o(f) = f**3 - 11*f**2 + 10*f - 8. Let s be o(10). Let b = s - -12. Suppose -92 = -8*x + 5*x - p, x = b*p + 22. What is the tens digit of x?
3
Let z = 401 + -120. What is the hundreds digit of z?
2
Suppose -41*r + 17041 = -42819. What is the thousands digit of r?
1
Suppose -2*p + 3*t = 0, -t = 2*p - 3*t. Suppose -5*n + 2*a + 268 - 73 = p, 0 = -2*a. Suppose -4*h + n = -h. What is the tens digit of h?
1
Let z = 26 + -17. Let l(w) = 2*w**2 - 12*w - 5. Let g be l(z). Let q = -21 + g. What is the tens digit of q?
2
Let x be -4 - (2 - (-2 + 11)). Suppose -x*v + 167 = 35. What is the tens digit of v?
4
Suppose -3*x - x = -32. Let o = -3 + x. What is the tens digit of (o - 2)/(6/40)?
2
Let l(a) = a**3 - 9*a**2 - 21*a - 23. Let q be l(11). What is the units digit of 1257/9 - 4/q?
0
Suppose -4 = s - 0. Let g be s/8*-2*0. Suppose -5*a + 112 - 7 = 2*i, g = -a - 3*i + 8. What is the tens digit of a?
2
Suppose -3*l = -f + 25, 6*l + 4*f + 53 = l. Let u = -9 - l. What is the tens digit of (-144)/(-6) - (u + 1)?
2
Let m = 12 + 95. What is the tens digit of m?
0
Suppose -2*d = -a - 9325, -4*d + 10215 = -4*a - 8445. What is the units digit of d?
0
What is the hundreds digit of 118/826 - 12872/(-7)?
8
Suppose -5*r = -1274 - 901. Suppose 65*j - 60*j = r. What is the units digit of j?
7
Let p(n) = -n**2 - 33*n - 47. What is the units digit of p(-14)?
9
Suppose 8*i - 22 - 450 = 0. Let n = i - 33. What is the units digit of n?
6
Let f(r) = -r - 20. Let v be f(-22). Suppose -3*i + 50 = i - v*d, -2*i = d - 31. What is the units digit of i?
4
Let j = 7 + -7. Let n(f) = -f**2 + f - 19. Let k be n(j). Let z = 2 - k. What is the units digit of z?
1
Suppose -24*q = -391 - 329. What is the units digit of q?
0
Suppose 0 = -2*m + 51 - 1. What is the units digit of (-4)/(-10) + (6 - (-1540)/m)?
8
Suppose 197 = 3*q - 103. Suppose 0 = 2*v - 8. Suppose 2*z = 5*m - q, -82 = -v*m + z + z. What is the units digit of m?
8
Let o(l) = 5*l - 4. Let a be o(-4). Let c = -95 - -20. Let j = a - c. What is the units digit of j?
1
Suppose d + 499 = 5*i, 4*i + i + 489 = -d. Let s = -323 - d. What is the tens digit of s?
7
What is the hundreds digit of (-2)/(-4) + 1852/8?
2
Suppose 0*u = u. Suppose u = -6*o + 181 + 209. What is the tens digit of o?
6
Let r be ((-10)/(-15))/((-6)/(-963)). What is the hundreds digit of (15 + 5)/4 + r?
1
Suppose 0 = -2*w + 5*b - 4, 2*b + 2*b - 13 = 3*w. Let t be (w - -1 - -4) + 46. What is the units digit of ((-11)/t)/(1/(-116))?
9
Suppose -4*b + 816 = -716. What is the tens digit of b?
8
Suppose 1 + 3 = -n + 4*c, -5*n + 3*c = 20. What is the tens digit of ((-2)/n)/((-11)/(-308))?
1
What is the thousands digit of 5692/(8/2) - (-2 - -1)?
1
Let h(r) = -r**3 - 3*r**2 - 2*r + 2. Let d = -33 + 29. What is the units digit of h(d)?
6
Let j = 593 + 718. What is the thousands digit of j?
1
Let p be (-12)/54 + (-34)/9. Let i = p - 1. What is the units digit of (56/(-5))/(2/i)?
8
What is the hundreds digit of -90*(1580/(-165) - 4/44)?
8
Let t(v) = 2 - 2*v - 1 + 11*v + 0*v + 4*v**2. What is the tens digit of t(-4)?
2
Suppose 14190 = -27*a + 37*a. What is the thousands digit of a?
1
Suppose 0 = 5*h - 10, r = 3*r - 3*h - 4. Suppose 341 = r*o - 7*u + 3*u, -o + 85 = -5*u. What is the tens digit of o?
6
Let c be (-540 + 0 + -2)*(-2)/4. Suppose -64 = w - c. What is the tens digit of w?
0
Let f = 26 + -24. Suppose 2*q = -f*p + 6, 3*p = -q - 0*p + 5. Suppose 0 = -q*x - o + 110, -94 = -2*x + 3*o - 0*o. What is the tens digit of x?
5
Let w(v) = 23*v + 556. What is the hundreds digit of w(0)?
5
Suppose -819 = 12*z - 6591. What is the tens digit of z?
8
Suppose 2*l - 2*j = 1486, 3*j + 2*j = -l + 767. What is the hundreds digit of l?
7
Let i = 329 - 213. Let n = -74 + i. What is the tens digit of n?
4
Suppose 2*h - 1626 = 4*k, -4*k - 4*h + 7*h = 1629. What is the tens digit of 1/(k/205 + 2)?
4
Suppose 66*p + 6593 = 24809. What is the hundreds digit of p?
2
Let l be 29/6 - (-3)/(17 - -1). Suppose 57 = l*h - n, -3*n = -h - 3*h + 50. What is the tens digit of h?
1
Suppose -2291 = -3*v - 5*h, 0 = 3*v - 10*h + 8*h - 2326. What is the units digit of v?
2
What is the hundreds digit of 21628/92 - (-12)/(-138)?
2
Let s be (-7)/(-42) + 146/(-12). Let i = 61 + s. What is the units digit of i?
9
Suppose 0 = -8*q + 5*q + 1281. What is the tens digit of q?
2
Suppose 0 = 2*h - 58 - 58. What is the tens digit of h?
5
Let x(m) = m**3 - 4*m**2 - 9*m + 5. Suppose 0*g - 63 = -g. Let c be ((-24)/14)/((-18)/g). What is the tens digit of x(c)?
2
What is the tens digit of (-5046)/(-4) - (-72)/(-48)?
6
Let g(m) be the third derivative of -5*m**4/24 + 11*m**2. Let k(f) = -f**3 - f**2 - 2*f - 12. Let p be k(0). What is the tens digit of g(p)?
6
Suppose -g + 0*w + w = -327, -g + 4*w = -318. Let k = g + -180. What is the units digit of k?
0
Let s = -33 + 36. Suppose 0 = 3*g - 12, 8*g = -2*o + s*g + 48. What is the tens digit of o?
1
Let i = 10 - 6. Suppose 4*x = -i*y + 4, -x - y + 5*y - 9 = 0. What is the units digit of 1 + (-3 - -26) - x?
5
Let d be 18/(-12)*(-4)/3. Suppose -46 = -d*m - k, -3*m + 0*m - k + 70 = 0. Suppose -m = -q + 5*a, 3*a - 4 = -a. What is the tens digit of q?
2
Suppose -d + 2*k = 7*k - 25, 5*d + 2*k = 171. Let x = 27 + d. What is the tens digit of x?
6
Let l = 72 + -44. Suppose 2*h - 30 = -3*y + 26, 3*h - l = -y. Suppose 4*r = -4*i + y, -r + 12 = i + i. What is the units digit of i?
8
Let k(h) = h**2 + 9*h + 368. What is the units digit of k(0)?
8
Let j(p) = p**2 - 18*p + 21. Let y be j(17). Suppose 0 = 2*r - 6*r - 2*m + 230, r + y*m - 40 = 0. What is the units digit of r?
0
Suppose -t + 3 = -0*t, 0 = 3*n - 2*t + 3. Let m be (32 - 6) + -1 + n. Suppose 13*o + m = 15*o. What is the units digit of o?
3
Suppose 5*x = 2*x - 3*x. Suppose x = 25*k - 26*k + 108. What is the tens digit of k?
0
Let o(w) = w - 1. Let g = 15 + -13. What is the units digit of o(g)?
1
What is the hundreds digit of (2308/3)/(55/165)?
3
Suppose -4*i = -3*v + 2156, 5*v - 3543 = 4*i + 53. Suppose 7*w = 3*w + v. What is the units digit of w?
0
Let c(q) = -2*q**3 - 3*q**2 + 18. What is the units digit of c(-6)?
2
Let z = -3983 - 196. Let q be ((-1)/3)/(7/z). Suppose r = -2*v + 84, 2*v + 3*r = 7*v - q. What is the units digit of v?
1
Let j(v) = -v**3 + 29*v**2 - 43. What is the hundreds digit of j(24)?
8
Let q be 2*-1 + (4 - 5). Let j(k) = -k**2 - 5*k - 3. What is the units digit of j(q)?
3
What is the units digit of 1718/3 - (-72)/216?
3
Let q be 2/6 - 20316/(-18). Suppose 257 - q = -4*o. What is the units digit of o?
8
Let n = 39 + 6. Let c be (-6)/4 - (-15)/10. Suppose 2*t - 2*h - 38 = c, 3*t + 2*h - n = -h. What is the units digit of t?
7
Let z be 0/(-5*(6/(-15))/(-1)). Suppose -3*g = -a - 4*a + 797, -2*a - 5*g + 294 = z. What is the hundreds digit of a?
1
Suppose 3*l + 0*l + k = 32, 0 = l - 2*k - 6. Let g be 48/40*(0 - l). What is the units digit of (70/(-3))/(g/18)?
5
Suppose 5*m + 10 = 0, -998 = -4*c - 3*m + 6*m. What is the tens digit of c?
4
What is the tens digit of (32/24)/(0 + (-6)/(-2187))?
8
Suppose 0 = -2*h - 3*s + 7*s + 26, 4*h - 13 = -5*s. Suppose -h + 13 = -3*o. What is the tens digit of (o - (1 + -4))*14?
1
Let q be -1 + -1 + 28/((-7)/(-1)). Suppose o = -x + 176, x + q*o - 156 = -3*o. What is the tens digit of x?
8
Suppose 5*x - 2*x = a - 22, 0 = -a - 2*x - 3. 